e factors of l?
2, 5
Let c = 1695 - 1008. What are the prime factors of c?
3, 229
Suppose 2*m - 7854 = -2*v, 0*m + 2*m + 19600 = 5*v. List the prime factors of v.
2, 37, 53
Let q(w) = -3*w**3 - w + 3. List the prime factors of q(-2).
29
Let l be -1 + -4*(-12)/8. Suppose -5*d + 630 = l*k, 6*k + 131 = d + 2*k. List the prime factors of d.
127
Suppose -3*b + 3780 = 3*u - 2*b, -5*b - 3780 = -3*u. What are the prime factors of u?
2, 3, 5, 7
Let n(h) = 22*h**2 - 5*h + 17. What are the prime factors of n(7)?
2, 5, 53
Suppose 0 = -0*f - 4*f + 24. Let i be (3/f)/(2/60). Suppose -3*z = -i, -5*h - 4*z + 210 = z. List the prime factors of h.
37
Suppose l = -0*l + 11. Suppose -2*z + 0 = -6, 6 = -2*i - 4*z. Let x = i + l. List the prime factors of x.
2
Let a(g) = -g**2 - 4*g - 1. Let u(z) = -z**2 - z. Let i(p) = a(p) - 4*u(p). Let d(x) = -x**2 + 5*x - 6. Let h be d(4). What are the prime factors of i(h)?
11
Let f(a) = 2*a**2 + 3*a + 4. Let p be f(-5). Let x = 4 + p. List the prime factors of x.
43
Let x(g) = 5*g**3 - 5*g**2 - 5*g + 34. List the prime factors of x(4).
2, 127
What are the prime factors of (-14428)/12*(-3 + -5 + 5)?
3607
Suppose 14*a - 9*a + 4281 = 3*d, a = 5*d - 7113. What are the prime factors of d?
2, 3, 79
Let x be -1 - (-2 + 2) - 6. Let v = 10 + x. Suppose 0 = -3*s + 15, -2 = v*j - 4*s - 51. What are the prime factors of j?
23
Let m(b) be the first derivative of -b**3/3 + 17*b**2/2 - 15*b - 13. List the prime factors of m(10).
5, 11
Let a(f) = 2*f**2 + 16*f. Let o be a(-12). Suppose -3*s + 74 + 60 = 4*d, -2*s = 4*d - o. What are the prime factors of s?
2, 19
Suppose 3 = y - 4. Suppose 3 = -o + y. Suppose o*d = 7*d - 33. What are the prime factors of d?
11
List the prime factors of (620/93)/(2/90).
2, 3, 5
Suppose 4*b - 5 - 3 = 0. Suppose 0 = -b*h + 2. Let z(l) = 18*l - 2. What are the prime factors of z(h)?
2
Let l(z) = 93*z + 1. Let a = -30 + 31. List the prime factors of l(a).
2, 47
Let o(h) be the second derivative of h**3/2 + 6*h**2 - 13*h. What are the prime factors of o(5)?
3
Let g(t) = 2*t**2 + t + 3. Let c be g(-4). Let a = c - 11. List the prime factors of a.
2, 5
Suppose 0*b - b + 104 = -2*j, -b + 4*j = -108. Let w be (8/3 + -2)/((-6)/(-315)). List the prime factors of 5*24/b*w.
2, 3, 7
Let h(k) = k**3 + 14*k**2 - 14*k + 82. What are the prime factors of h(13)?
4463
Suppose -5*u = -2*s - 2*s - 109, 4*u + 5*s = 120. List the prime factors of u.
5
Let u(m) = -m**2 + 11*m - 8. Let y = 62 + -35. Let p = y + -21. List the prime factors of u(p).
2, 11
Let t = -21 + 32. Let q(m) = 2*m**2 - 8*m - 11. What are the prime factors of q(t)?
11, 13
Let b = 380 - -1316. Suppose -11*f + b = -3*f. What are the prime factors of f?
2, 53
Suppose 4*f + 292 = 4*u, -5*u - 2*f + 360 = -6*f. Let x = u + 9. List the prime factors of x.
7, 11
Let q(x) = 12*x - 6. Let z be q(9). Suppose 5*h = -b + z, -367 = -3*b - 3*h - 109. List the prime factors of b.
2, 41
Let v be (-12)/(-14) + 6/42. List the prime factors of 9*4/6 + v.
7
Let z = 2181 - -1463. What are the prime factors of z?
2, 911
Suppose -4*b - 6 = -s, s + 4*s + 3*b + 16 = 0. Let m = s - 1. List the prime factors of 3*(m + (-46)/(-6)).
2, 7
Let m = -32 + -66. Let f = -47 - m. What are the prime factors of f?
3, 17
Let u be (-19 + 16)/(3/(-5)). Suppose -g + u*m - 18 + 79 = 0, -5*m - 173 = -3*g. What are the prime factors of g?
2, 7
Let o be 60/(-40)*(-4)/(-6). What are the prime factors of 49 + -14 - (o - 1)?
37
Let z = -17 - -62. Let c = -19 + z. Suppose 5*v + l = c + 12, -5*l + 30 = 5*v. List the prime factors of v.
2
Suppose 0 = h - x, 0 = -h + 4*h - x - 6. Suppose n = -h*n - 2*b + 544, 2*n - b - 276 = 0. List the prime factors of n.
137
Suppose -4*i - s + 646 = 0, 334 = 2*i - 10*s + 5*s. List the prime factors of i.
2, 3
Suppose -25*l - 1275 = -13475. List the prime factors of l.
2, 61
Suppose -20*l = -2564 - 12536. What are the prime factors of l?
5, 151
Suppose y + 3*s + 58 = -57, -4*s - 468 = 4*y. Let q = y - -179. List the prime factors of q.
61
Let a be ((-7)/3)/((-1)/(-3)). Let o = 20 + a. Let b = 27 - o. List the prime factors of b.
2, 7
Let v(u) = u**3 + 5*u**2 + 3*u - 4. Let f be v(-3). Suppose 0*y + 10 = f*y. Suppose 72 = y*c + c. List the prime factors of c.
2, 3
Let g(q) = -6*q**2 - 2*q. Let i be g(-1). What are the prime factors of 96 + (i - 6/(-2))?
5, 19
Suppose 56*q = 89*q - 27918. What are the prime factors of q?
2, 3, 47
Suppose 3*m = 6*m - 960. Suppose 0 = -64*r + 62*r + m. What are the prime factors of r?
2, 5
Let h = 425 - 202. Suppose -575 = -5*f + 2*k - k, -2*f + h = k. List the prime factors of f.
2, 3, 19
List the prime factors of ((-51)/(-2))/((-2165)/(-270) + -8).
3, 17
Suppose 5*n = -4*s + 7730, 4*n + 4*s - 6184 = 8*s. List the prime factors of n.
2, 773
Let n(z) = -2*z + 142. What are the prime factors of n(15)?
2, 7
Suppose -5*m = -4*m. Suppose m = 2*z - 5*w - 611, 2*z + 897 = 5*z - w. List the prime factors of z.
2, 149
Let w be ((-52)/(-65))/(1/5). What are the prime factors of 605/(w + 1) - -1?
2, 61
Suppose 4*p + 124 + 132 = 0. Let c = p + 78. What are the prime factors of c?
2, 7
Let p = -234 - -410. List the prime factors of p.
2, 11
Let p = 18 - 11. Let j = 38 - p. Let m = 50 - j. List the prime factors of m.
19
Let o(t) = t**2 + 3*t - 2. Let q be (-18)/4 + (-12)/(-24). Let h be o(q). Suppose h*n - 30 = 8. What are the prime factors of n?
19
Let c(k) = 3*k + 15. Let z be c(11). Let s = 69 + z. List the prime factors of s.
3, 13
List the prime factors of (6/15 - 157/5)*-25.
5, 31
Suppose -4763 = -3*i - 473. What are the prime factors of i?
2, 5, 11, 13
Suppose 4*i + 108 = 8*i. Let b = i - 21. Let m(q) = 2*q**2 - 8*q + 4. What are the prime factors of m(b)?
2, 7
Suppose -4*r = -3*n - 1816, 4*r = 2*n + 783 + 1029. What are the prime factors of r?
11, 41
Let m(p) = -1263*p + 97. What are the prime factors of m(-2)?
43, 61
Let w = 767 + -351. List the prime factors of w.
2, 13
Let x = 1 + 3. Suppose -2*a + 36 = 2*a + x*o, -3*a = o - 35. List the prime factors of a.
13
Suppose w + 5*l = 543, w = 4*w + 3*l - 1593. What are the prime factors of w?
2, 3, 11
Let v = 30 + -186. What are the prime factors of (v/(-15))/((-1)/((-30)/4))?
2, 3, 13
Let h = -19 + 24. Suppose -h*l + 11 = 3*q, 3*q - 3*l - 2 = l. List the prime factors of q.
2
Let k = 2269 - 1241. What are the prime factors of k?
2, 257
Suppose 9 = m - 3. Let v = m + -6. Suppose 3*r = -4*d + v*d + 36, 0 = -d - 3. What are the prime factors of r?
2, 5
Suppose -71*u + 62*u = -3168. List the prime factors of u.
2, 11
Let q = 89 - 153. Let o = -20 - q. List the prime factors of o.
2, 11
Let g = 17 - 7. Let d be (22/(-4))/(g/(-20)). Let x = 20 - d. List the prime factors of x.
3
Suppose -3*w + 322 = r, 5*r + 5*w = 3*r + 648. List the prime factors of r.
2, 167
Let d be 6/(((-8)/(-22))/2). What are the prime factors of ((-11)/(d/10))/((-2)/48)?
2, 5
List the prime factors of (-1 - 2005/15)/(12/(-504)).
2, 7, 101
Let g(y) = y**2 + y - 32. List the prime factors of g(-25).
2, 71
Let i be -10 - 4/2*(-3 - -1). What are the prime factors of (-2)/3 - 1246/i?
3, 23
Let n(j) = j + 2. Let r be n(0). Suppose 0*u = -r*u + 124. Suppose 1 = -o, 3*o + u + 45 = 4*d. What are the prime factors of d?
2, 13
Let b(d) = 2*d**2 + 5*d + 5. Let r be b(-3). Let y = -33 + r. Let j = y + 50. What are the prime factors of j?
5
Suppose -1404 = -9*y - 0*y. List the prime factors of y.
2, 3, 13
Suppose -l + 621 = o, 1861 = 4*o - o + 4*l. List the prime factors of o.
7, 89
Let a = 1 + 1. Suppose 5*c = -a*s + 161, 164 = 4*s - c - 103. What are the prime factors of s?
2, 17
Suppose 32 = -5*s + 152. List the prime factors of s.
2, 3
Let i(u) = u + 2. Let z be i(6). Suppose -3*v = z*v - 726. What are the prime factors of v?
2, 3, 11
Let v = 3013 + -1099. What are the prime factors of v?
2, 3, 11, 29
Let p be (-1 - 2)/(-5 - 14/(-3)). Suppose o = p + 6. List the prime factors of o.
3, 5
Suppose 15222 = 13*v - 638. List the prime factors of v.
2, 5, 61
Let b(w) = -w**2 - 6*w - 6. Let r be 0 - (2 + 2) - -1. Let x be b(r). Suppose -x*g + 277 = g + 3*t, 4*g - 2*t = 262. List the prime factors of g.
67
Let m(s) = 3*s**2 - 3 - 3*s**2 + 8*s - s**2 - 1. Let g be m(5). Suppose g = -4*q + 35. List the prime factors of q.
2, 3
Let v = -2422 - -3579. List the p